me number?
True
Let r(k) = k**2 - 2*k - 3. Let d be r(3). Let a(z) = z**2 - 20*z + 4. Let l be a(20). Is (-3)/l*(-2536)/(d + 2) prime?
False
Let v = 13 - 12. Let l(j) = 2 - 3 + 6*j - 8 + 2062*j**2 + 4*j. Is l(v) a composite number?
False
Suppose 1471605 = 4*o - y, -2*o + 349405 = 5*y - 386392. Is o a prime number?
False
Let d = 57734 + -82658. Let t = d + 41489. Is t composite?
True
Let r(v) be the third derivative of 17*v**5/60 + v**4/12 + 29*v**3/6 - 30*v**2 - 3*v. Suppose -19 = 4*m + 5. Is r(m) a prime number?
False
Let z be (-4)/(-14) - (-773)/(-14)*-1114. Suppose -8*c = 5197 - z. Is c composite?
False
Suppose 3*h + 1427 = 3*p - 2*p, 2*p = -4*h + 2864. Let b = p - -2019. Is b composite?
False
Let u(l) = 1 - 22*l**2 + 33*l**2 + 2*l + l**3 - 22*l**2 - 2 + 2. Is u(19) a composite number?
False
Is 98643 + 36 - (0 + 8) a composite number?
True
Let g(s) = -s**2 + 3*s + 8. Let c be g(4). Suppose c*b - 5*f + 67 = b, -b - 4*f - 11 = 0. Let l(k) = 5*k**2 - 23*k - 59. Is l(b) prime?
False
Let s(i) = -15*i**2 - 26*i + 21. Let k be s(-12). Let f = k + 18430. Is f a prime number?
True
Let i be (-10*(-4)/(-50))/((-2)/5). Suppose -4*j + 70781 = 3*n + 6034, 4*n + 32346 = i*j. Is j prime?
True
Suppose 0 = 2*g - 3*m - 29, 2*g - 38 = -2*g + 2*m. Let p be -2 + g - (-4 - -5). Let w = p - -29. Is w a composite number?
True
Let r = -712083 - -1143722. Is r composite?
True
Let o be 2 + -1 + (23 - -81446). Suppose -12*a + 2*a = -o. Is a prime?
True
Let f = -499205 - -724048. Is f a prime number?
False
Suppose 67*n - 63*n - 1680575 = -5*u, 3*n = -5*u + 1680580. Is u composite?
True
Suppose 0 = 2*s - 5*s - 3*t + 2532, 5*s + 4*t - 4218 = 0. Let k = -349 + s. Is k a composite number?
True
Let z(w) = -45*w**2 - 5 - 5*w - 3*w + 38*w**2 - 6*w**3. Let p be z(-4). Suppose p + 0 = k. Is k prime?
False
Suppose 3*c - 2*n = n + 147, 3*c = -3*n + 129. Is (0 + -2)*(-75233)/c a composite number?
False
Let u(h) be the second derivative of h**5/20 + h**4 - 5*h**3/3 - 15*h**2 + 10*h. Is u(-11) a composite number?
True
Let z = 426 + 27209. Suppose -25*j - z = -74310. Is j a composite number?
False
Let l be ((-12)/(-9))/1*3. Suppose -3*b = 9, -2*n - 8873 = 3*n - l*b. Let a = -980 - n. Is a prime?
True
Suppose -10*s - 19096 = 2*a - 119698, 4*s + a = 40240. Is s a composite number?
False
Suppose -1047*v + 1046*v - 685481 = -4*q, v = 5*q - 856852. Is q a composite number?
True
Suppose -3*i = 5*i - 127809 + 3977. Is i a prime number?
False
Let x = -145392 - -303005. Is x a composite number?
True
Is 8816148/63 - (-10)/(-28)*32/(-80) prime?
True
Suppose 13*v = 21*v - 142696. Is v composite?
False
Suppose -5*l - 77210 = -587860. Suppose 0 = -10*m + 24*m - l. Is m composite?
True
Let y be (45 + -4 - 6) + -1. Suppose -y*l + 11624 + 20438 = 0. Is l prime?
False
Let m(a) be the first derivative of -401*a**4/4 - 4*a**3 - 7*a**2 - 5*a - 30. Is m(-4) a composite number?
False
Let b(x) = -19*x + 9 - 3*x**3 + 4*x**3 - 70*x**2 + 68*x**2. Is b(11) a prime number?
False
Let s be (-37)/4*(-1340)/5. Suppose 7501 = 3*q - 4*u, q + 5*u - s = u. Is q a prime number?
False
Let a = -76867 - -130190. Is a a composite number?
False
Suppose -2*k + 61666 = 4*t, -36*t - 5*k + 30813 = -34*t. Is t prime?
False
Let g = -252 + 252. Suppose -721 = -o - 4*p, -3 = -g*p - p. Is o prime?
True
Let a(u) = -15*u**3 - 13*u**2 - 7*u - 27. Let f be a(-10). Suppose -13*h + 4*h + f = 0. Is h prime?
False
Suppose 4*f + 5*y - 33 = 0, -5*f = -0*y - 3*y + 5. Is (-14)/(-63) + f/(18/8287) composite?
True
Let v(r) = -r**3 + 34*r**2 + 26*r - 40. Let y be v(35). Is (3602/(-10))/(71/y) prime?
True
Let f(r) = 14*r**2 + 54*r + 6. Let w be f(-4). Let g(b) = -2*b**3 + 32*b**2 - 19*b + 20. Is g(w) prime?
False
Let v be 0/4 + 27 + 1. Suppose -9*k = -2*k - v. Suppose -k*o + 728 + 10004 = 0. Is o a prime number?
True
Let p(c) be the second derivative of c**5/20 + 19*c**4/6 + 4*c**3 - 103*c**2 + 35*c. Is p(-35) a prime number?
False
Let h(l) = -10*l**3 + 13*l**2 - 26*l - 113. Is h(-26) composite?
True
Let o(z) = 22*z**2 - 100*z - 249. Is o(47) prime?
True
Is 18599308/252 - 9/(486/(-12)) a prime number?
False
Suppose 2*h + 19*h - 273 = 0. Suppose i - 3*d = 8788, -17*i + 4*d + 35128 = -h*i. Is i a prime number?
True
Suppose 0 = -11*u + 13*u - 40. Let k(w) = 6 - 231*w - 18 - u. Is k(-7) composite?
True
Let c be 3502140/220 + ((-40)/22 - -2). Suppose -11*b + c = -24088. Is b prime?
True
Suppose 124 = 9*a - 7*a. Let v = 1449 + a. Is v a prime number?
True
Let s(d) = 224*d**2 + 31*d + 188. Is s(-17) a composite number?
True
Let o = -284 - -281. Is -3 - 2 - o - (-443 + -5) a composite number?
True
Let x = 182 - 180. Is 6*(x - 1) + 3157 a prime number?
True
Let z = -2320 - -2324. Let w(n) = -7*n**2 + 7*n + 5. Let u(m) = -20*m**2 + 22*m + 16. Let g(a) = 2*u(a) - 7*w(a). Is g(z) a composite number?
True
Suppose 38*q + 2*v = 43*q - 1015711, 4*q = 4*v + 812576. Is q composite?
False
Suppose -3*l = -2*p + 24368, 4*l + p + 32476 = -0*l. Let b = -4345 - l. Suppose -8 = -4*y, y = -0*d + 3*d - b. Is d a composite number?
False
Suppose -5*p + 2*p = -3810. Let v be (-2 - -3 - -3)*p/8. Suppose 22*n - v = 17*n. Is n composite?
False
Let o = 175 + -160. Is 1 - ((-8530)/o)/((-2)/(-48)) a composite number?
False
Suppose -129 = 3*i - 2*m + 3823, 4*m = 5*i + 6586. Let k = -818 - i. Is k + ((3 + -4)*1)/(-1) a prime number?
False
Suppose -u + 2*w = -3784, 24*w - 29*w = -3*u + 11355. Suppose 8*b + u - 113118 = 0. Is b a prime number?
False
Suppose 6*u - 250 = -646. Is (-12)/u - 34076/(-11) prime?
False
Suppose -11*w - 2066 = 1091. Let n = 17 - 113. Let a = n - w. Is a a composite number?
False
Let t(i) = 28*i**2 + 153*i + 61. Is t(-82) a prime number?
False
Let n(j) = -j**2 + 16*j + 3. Let o be n(16). Is ((39276/8)/o)/(9/12) composite?
True
Let t be (-3 + 1 + 0)/((-70)/2975). Is -3 + t/25 + 18226/10 a composite number?
False
Suppose -7*v - 1255 = -2*v. Let h = v + 479. Suppose 2*b - h = -5*d, 2*b = -6*d + 3*d + 232. Is b a composite number?
True
Let r(s) = 7691*s**2 - 7*s - 209. Is r(-7) a prime number?
True
Suppose -17*a = 4*y - 20*a - 1004909, 0 = -y - 2*a + 251241. Is y a prime number?
True
Suppose -2 = -j, 2*q + 0 = 4*j - 2. Suppose -5*g - 3*x + 82 = 0, -q*g = g + 3*x - 68. Is g a composite number?
True
Let q = 903 + -872. Suppose q*v - 7362 = 13*v. Is v a composite number?
False
Let w(l) = -3344*l - 1257. Is w(-38) a prime number?
False
Suppose -20 = -11*o + 13. Let n be (-1 - 1)/(o/(-6)). Suppose -4*h + 1170 = -2*b, -b + 814 + 359 = n*h. Is h a prime number?
True
Let p(u) = -u**3 - 56*u**2 - 7*u + 239. Is p(-56) composite?
False
Let w = 555709 - 255830. Is w prime?
False
Let n(v) = 1537*v**2 + 93*v + 67. Is n(-11) a composite number?
False
Is 26025 + -5*12/(-45)*-6 composite?
False
Suppose -1254*c = -638*c - 639*c + 2056499. Is c a prime number?
True
Suppose 183415 = 11*r - 176604. Is r prime?
False
Let z(f) = -2167*f - 176. Let u(v) = 2166*v + 175. Let i(n) = -4*u(n) - 3*z(n). Is i(-7) prime?
True
Let x(t) = t**3 - 2*t**2 - 3. Let s be x(3). Suppose -2*h = -2*n + 2, -19 = -h - s*n + 2*n. Suppose o - 380 = -o - 4*j, -4*j = h*o - 574. Is o composite?
True
Let z be (-10)/(-55) + (-40)/(-22). Suppose -o + 8 = -0*q + q, -z*q - o + 11 = 0. Suppose 479 = q*y + 4*l - 87, -2*l + 186 = y. Is y a prime number?
False
Let x = 30 - 23. Suppose -2*w = -4*h + 16, -4*w + 2*h + 8 = -x*w. Is -1 - (-9 - w) - -385 composite?
False
Let x(d) = 2010*d - 431. Is x(37) composite?
False
Let c be (2 - -28)/(66/35948). Let z = c - 6549. Is z prime?
True
Let z = -1990983 - -2960284. Is z prime?
True
Let w be ((-28)/6)/(18/(-18711)). Suppose 0 = -2*d - 5*d + w. Let v = d + -208. Is v prime?
False
Suppose -2*q + 76546 = -14256. Suppose 2*g = 5*u - q, 5*u - 45383 = g - 5*g. Is u composite?
True
Suppose -242*z + 772868 = -238*z. Is z composite?
True
Suppose -4*m = 656 - 7136. Suppose 15*w - 24*w = -m. Suppose 0 = 5*s - w - 830. Is s a composite number?
True
Let r = 167 + 548. Suppose 0 = z - 1 + r. Let u = z + 1361. Is u a prime number?
True
Let f(s) be the second derivative of -s**5/20 - s**4/3 + 9*s**3/2 + 35*s**2/2 - 95*s + 1. Is f(-12) prime?
True
Let p = 0 + 4. Suppose 22 = p*l + 6. Suppose -2*q + 11019 = 5*s, -3*s - l*q = -3*q - 6611. Is s prime?
True
Let a = 6735 + 545458. Is a prime?
True
Is (-